{"id":14,"date":"2012-01-24T18:05:04","date_gmt":"2012-01-24T18:05:04","guid":{"rendered":"http:\/\/localhost\/bettina\/?page_id=14"},"modified":"2024-09-08T16:39:17","modified_gmt":"2024-09-08T14:39:17","slug":"impressum-2","status":"publish","type":"page","link":"https:\/\/www.reset-neustart.de\/index.php\/impressum-2","title":{"rendered":"Aktuelles &#038; Kontakt"},"content":{"rendered":"<p><a href=\"https:\/\/www.reset-neustart.de\/index.php\/impressum-2\/hallifax\" rel=\"attachment wp-att-821\"><img loading=\"lazy\" decoding=\"async\" class=\"alignleft size-medium wp-image-821\" src=\"https:\/\/www.reset-neustart.de\/wp-content\/uploads\/2020\/04\/Hallifax-417x233.jpg\" alt=\"\" width=\"417\" height=\"233\" srcset=\"https:\/\/www.reset-neustart.de\/wp-content\/uploads\/2020\/04\/Hallifax-417x233.jpg 417w, https:\/\/www.reset-neustart.de\/wp-content\/uploads\/2020\/04\/Hallifax.jpg 480w\" sizes=\"auto, (max-width: 417px) 100vw, 417px\" \/><\/a><\/p>\n<p>&nbsp;<\/p>\n<p>&nbsp;<\/p>\n<p>&nbsp;<\/p>\n<p>&nbsp;<\/p>\n<p>&nbsp;<\/p>\n<p>&nbsp;<\/p>\n<p>&nbsp;<\/p>\n<h4><\/h4>\n<h4>Online Video Kurs *Selbstheilung mit the Journey*<\/h4>\n<div><\/div>\n<div>M\u00f6chtest du im Frieden mit dir selbst sein \u2013 unabh\u00e4ngig von den \u00e4u\u00dferen Umst\u00e4nden oder deiner Lebenssituation? M\u00f6chtest du die Ursachen deiner Blockaden erforschen und die L\u00f6sung in dir finden?M\u00f6chtest du wieder im Einklang sein mit deiner wahren Natur, der Kreativit\u00e4t, der Liebe, Freude und dem immensen Potenzial, das in dir lebt? M\u00f6chtest du das Leben wieder in vollen Z\u00fcgen genie\u00dfen, dich frei und leicht f\u00fchlen?<\/div>\n<div><\/div>\n<div><\/div>\n<div><\/div>\n<div>\u00a0 \u00a0 \u00a0 \u00a0 \u00a0 \u00a0 \u00a0 \u00a0<a href=\"https:\/\/www.mystica.tv\/selbstheilung-the-journey-onlinekurs\/\" target=\"_blank\" rel=\"noopener noreferrer\">Was dich in dem Kurs erwartet, erf\u00e4hrst du gleich hier.<\/a><\/div>\n<div><\/div>\n<div>Die 13 Module k\u00f6nnen immer wieder angewendet werden, immer wenn wir unsere Kraft nicht mehr sp\u00fcren, die innere Balance verloren habe oder einfach den Kontakt zu unserer Essenz pflegen m\u00f6chten.<\/div>\n<div><\/div>\n<div><\/div>\n<p>&nbsp;<\/p>\n<h2>Kostenfreie Angebote<\/h2>\n<p><a href=\"https:\/\/www.youtube.com\/user\/bhallifax\" rel=\"attachment wp-att-846\"><img loading=\"lazy\" decoding=\"async\" class=\"alignleft wp-image-846\" src=\"https:\/\/www.reset-neustart.de\/wp-content\/uploads\/2020\/04\/Unknown-1.png\" alt=\"\" width=\"96\" height=\"96\" \/><\/a><a href=\"https:\/\/www.reset-neustart.de\/index.php\/impressum-2\/unknown\" rel=\"attachment wp-att-845\"><br \/>\n<\/a><\/p>\n<p>&nbsp;<\/p>\n<h5>Auf <a href=\"https:\/\/www.youtube.com\/user\/bhallifax\">meinem youtube kanal<\/a> findest du AUfZEICHUNGEN meiner Online Treffen, Interviews und Testimonials.<\/h5>\n<p>&nbsp;<\/p>\n<h4><\/h4>\n<p><strong>Kostenlose Online Treffen und Miniworkshops!<\/strong>\u00a0Die Abende dauern ca. 1,5 Stunden und beinhalten Meditationen und gef\u00fchrte Mini Prozesse zu verschiedenen Themen. Wenn du Lust hast, mit dabei zu\u00a0sein, melde dich ganz unverbindlich in meinem Newsletter Verteiler an, so dass ich dich auf dem Laufenden halten kann.<\/p>\n<p><a href=\"http:\/\/eepurl.com\/dOe0_f\"><strong>Klicke hier und melde dich gleich an.<\/strong><\/a><\/p>\n<p>&nbsp;<\/p>\n<p>&nbsp;<\/p>\n<h2>PRESSE \/ MEDIEN<\/h2>\n<p>&nbsp;<\/p>\n<h4>was ist eigentlich liebe?<\/h4>\n<p>Als Mariam vom One Spirit Festival mich anschrieb und \u00a0fragte:\u201d Magst du einen Artikel f\u00fcr das n\u00e4chste Magazin beisteuern? Thema: Was ist eigentlich Liebe? Damit kennst du dich doch Bestens aus, oder?\u201d,\u00a0r\u00fcttelte es bei mir im System. Denn ja, Liebe ist schon immer DAS THEMA in meinem Leben\u00a0gewesen und doch, puh, einen Artikel dar\u00fcber zu schreiben,- hat mich erst einmal vor eine H\u00fcrde gestellt. \u00a0Und damit sind wir gleich genau beim Thema. <a href=\"https:\/\/www.one-spirit-festival.de\/magazine\/ausgabe-03-04-2020-was-ist-eigentlich-liebe\/bettina-hallifax-konzepte-\u00fcber-liebe-loslassen\/\">Lies hier gleich weiter<\/a><\/p>\n<p>&nbsp;<\/p>\n<h4>Interview IM MAGAZIN \u201eLICHTFOKUS\u201c \u00a0<a href=\"http:\/\/www.reset-neustart.de\/wp-content\/uploads\/2012\/01\/LF_49_B-Hallifax.pdf\">START DEIN LEBEN NEU<\/a><\/h4>\n<h3><\/h3>\n<h5><\/h5>\n<div title=\"Page 1\">\n<div>\n<div>\n<div>\n<p>F\u00fcr Bettina Hallifax ist die Methode \u00bbThe Journey\u00ab, nach Brandon Bays Beruf und Berufung zugleich geworden. Trotz guten \u00e4u\u00dferen Umst\u00e4nden landete Bettina Hallifax irgendwann im Burnout und f\u00fchlte sich in sich unfrei und ungl\u00fccklich.\u00a0The Journey half ihr aus dem Zustand herauszukommen. Seitdem vertritt sie The Journey im deutschsprachigen Raum. <a href=\"http:\/\/www.reset-neustart.de\/wp-content\/uploads\/2012\/01\/LF_49_B-Hallifax.pdf\">Folgendes Interview durfte Lichtfokus mit ihr f\u00fchren:<\/a><\/p>\n<\/div>\n<\/div>\n<\/div>\n<\/div>\n<h3><\/h3>\n<p>&nbsp;<\/p>\n<h4>ARTIKEL In der Zeitschrift &#8222;Visionen&#8220;<\/h4>\n<div title=\"Page 1\">\n<div>\n<div>\n<div>\n<p>Zeit ist relativ und eine Frage der Betrachtung und Wahrnehmung. Wir alle kennen Momente, in denen die Zeit wie im Flug vergeht, und Momente, in denen wir das Gef\u00fchl haben, dass die Uhr langsamer tickt. Zeit kann sich also im Zeitlupentempo \u201efortbewegen\u201c oder rasend schnell an uns vorbeiziehen. Die Geschwindigkeit, in der sie verstreicht, ist allein abh\u00e4ngig von unserer Wahrnehmung und davon, worauf wir unseren Fokus richten\u2026mehr lesen im\u2026<a href=\"http:\/\/http:\/\/www.reset-neustart.de\/wp-content\/uploads\/2012\/01\/Beitrag-Bettina-Hallifax-2_20122.pdf\">\u00a0<\/a><a href=\"http:\/\/www.reset-neustart.de\/index.php\/aktuelles\/beitrag-bettina-hallifax-2_2012-4\" rel=\"attachment wp-att-422\">Artikel in der Zeitschrift Visionen<\/a><\/p>\n<\/div>\n<\/div>\n<\/div>\n<\/div>\n<p>&nbsp;<\/p>\n<h2>KONTAKT<\/h2>\n<h4><\/h4>\n<p>F\u00fcr weitere Informationen \u00fcber die Seminare und Einzelsitzungen kannst du mich gerne kontaktieren. Ich freue mich auf Dich \/ Sie.<\/p>\n<p>Telefon\/Whatsapp\/Signal \u00a0+49-172-6644465 \/ +31-653586365 \u00a0<a href=\"mailto:Info@Reset-Neustart.de\">Info@Reset-Neustart.de<\/a><\/p>\n<p>&nbsp;<\/p>\n<p>&nbsp;<\/p>\n","protected":false},"excerpt":{"rendered":"<p>&nbsp; &nbsp; &nbsp; &nbsp; &nbsp; &nbsp; &nbsp; Online Video Kurs *Selbstheilung mit the Journey* M\u00f6chtest du im Frieden mit dir selbst sein \u2013 unabh\u00e4ngig von den \u00e4u\u00dferen Umst\u00e4nden oder deiner Lebenssituation? M\u00f6chtest du die Ursachen deiner Blockaden erforschen und die &hellip; <a href=\"https:\/\/www.reset-neustart.de\/index.php\/impressum-2\">Weiterlesen <span class=\"meta-nav\">&rarr;<\/span><\/a><\/p>\n","protected":false},"author":1,"featured_media":0,"parent":0,"menu_order":0,"comment_status":"closed","ping_status":"closed","template":"","meta":{"_monsterinsights_skip_tracking":false,"_monsterinsights_sitenote_active":false,"_monsterinsights_sitenote_note":"","_monsterinsights_sitenote_category":0,"footnotes":""},"class_list":["post-14","page","type-page","status-publish","hentry"],"_links":{"self":[{"href":"https:\/\/www.reset-neustart.de\/index.php\/wp-json\/wp\/v2\/pages\/14","targetHints":{"allow":["GET"]}}],"collection":[{"href":"https:\/\/www.reset-neustart.de\/index.php\/wp-json\/wp\/v2\/pages"}],"about":[{"href":"https:\/\/www.reset-neustart.de\/index.php\/wp-json\/wp\/v2\/types\/page"}],"author":[{"embeddable":true,"href":"https:\/\/www.reset-neustart.de\/index.php\/wp-json\/wp\/v2\/users\/1"}],"replies":[{"embeddable":true,"href":"https:\/\/www.reset-neustart.de\/index.php\/wp-json\/wp\/v2\/comments?post=14"}],"version-history":[{"count":80,"href":"https:\/\/www.reset-neustart.de\/index.php\/wp-json\/wp\/v2\/pages\/14\/revisions"}],"predecessor-version":[{"id":988,"href":"https:\/\/www.reset-neustart.de\/index.php\/wp-json\/wp\/v2\/pages\/14\/revisions\/988"}],"wp:attachment":[{"href":"https:\/\/www.reset-neustart.de\/index.php\/wp-json\/wp\/v2\/media?parent=14"}],"curies":[{"name":"wp","href":"https:\/\/api.w.org\/{rel}","templated":true}]}}